l(o).
-5
Let u = -118 + 187. Let l = u - -8. Let g(p) = 76*p**2 + 6 - 6*p - l*p**2 + p. What is g(-5)?
6
Let g = -204183 - -204178. Let a(s) = 0*s + 0*s - s + 2. Calculate a(g).
7
Let g(l) = 4*l + 12 - 14 + 11 - 6 + 5. What is g(6)?
32
Let t(c) = c + 1. Let a(s) = -s**3 - 9*s**2 - 8*s + 5. Suppose 3*q - 4*o = q + 8, 0 = -5*q + o - 16. Let u be (q/10)/(12/240). Let m be a(u). What is t(m)?
6
Suppose 5192*x - 5224*x + 192 = 0. Let f(s) = s**2 - 20*s + 122. What is f(x)?
38
Let i(q) be the third derivative of 7*q**4/6 - 103*q**3/3 + 2*q**2 + 2727. Calculate i(8).
18
Let p(i) = -i**3 + 4*i**2 + 5*i - 5. Let q(x) = 6*x + 21. Let l be q(9). Suppose -3*f = 2*c - 40, 6*c - c - l = -5*f. Suppose 6*h + f = 8*h. Determine p(h).
-5
Let s(d) = -6*d**2 - 4*d - 445. Let r(x) = -5*x**2 - 4*x - 356. Let l(t) = -5*r(t) + 4*s(t). Give l(1).
5
Let d(i) be the third derivative of -i**4/24 - 2*i**3 + 3*i**2. Let r be (-16)/(-120) - 86/(-30). Suppose 4*b - 2*x - 45 = 9*b, -r*x - 27 = 3*b. Calculate d(b).
-3
Let j(t) be the first derivative of -5*t**2/2 + 26*t - 417. Give j(5).
1
Let c(m) = 3*m + 1. Let h be ((-14)/(-4))/((-3)/(-6)). Let z be ((-44)/10)/(198/30 - h). Suppose 0 = z*p - 11 + 33. Calculate c(p).
-5
Let s = 16 + 1. Suppose -40*b - s = 103. Let u(m) = -m**3 - 2*m**2 + 2*m + 4. Determine u(b).
7
Let h(j) = -j**2 - 5*j - 3. Suppose 0 = -3*b - 4 - 8. Let r(d) = 2*d + 7. Let u be r(b). Let y be (1 + -1)*u - 3. Calculate h(y).
3
Let k(s) = s**3 - 7*s**2 - 7*s + 67. Let i be k(6). Let g(u) = 3*u + 35. Calculate g(i).
2
Let l(m) = 3*m**3 + 27*m**2 + 19*m - 16. Let z be (-4)/(-1)*(25 - 23). Let n(s) = s**3 + 9*s**2 + 6*s - 6. Let j(v) = z*n(v) - 3*l(v). Give j(-8).
8
Let t(f) = -230 - 300 + 60*f - f**2 + 73. What is t(9)?
2
Let f be -10*4/(-8)*1*-1. Let y = 2 + -1. Let i(r) = 3*r + y + 1 + 2. Give i(f).
-11
Let h be (24/9)/((-114)/171). Let l(r) = 3*r**2 - 21*r - 13. Let p(x) = -2*x**2 + 11*x + 6. Let q(g) = -3*l(g) - 5*p(g). Calculate q(h).
-7
Let g be (0/1 + 18)*((-372)/(-24) - 15). Let a(u) = u**2 - 4*u - 34. Calculate a(g).
11
Let c(s) = 8*s - 3*s + 47*s**2 + 6 - 59*s**2 + 11*s**2. Let i be (-3)/6*0 + 5. Determine c(i).
6
Let q(p) be the first derivative of p**7/840 - p**6/36 + p**5/120 - 7*p**4/24 + 10*p**3 + 117. Let w(u) be the third derivative of q(u). Give w(10).
3
Let v(o) = 4*o**2 + 7*o - 8. Let u(j) = -11*j**2 - 20*j + 23. Let w(l) = -6*u(l) - 17*v(l). Suppose 1052*m = 1047*m - 10. Calculate w(m).
-12
Let x(c) = -12*c**3 + 223*c**2 + 322*c + 243. Let u(n) = n**3 - 20*n**2 - 30*n - 22. Let w(d) = 23*u(d) + 2*x(d). Determine w(-8).
-36
Suppose -42*k + 363 = 153. Let z(w) be the first derivative of w**2/2 + 7*w + 1. Determine z(k).
12
Let c(n) be the third derivative of n**4/24 + 2*n**3/3 + 210*n**2. Let b = 188 + -193. Give c(b).
-1
Let g(z) = -4*z**3 - 5*z**2 - 8*z - 25. Let u be g(-4). Let p = -183 + u. Let i(x) be the first derivative of -x**2/2 - 10*x + 2. What is i(p)?
-10
Let r(p) be the second derivative of -p**5/20 - p**4/2 + 5*p**3/6 - 2*p**2 + p - 63. Give r(-7).
10
Suppose -136 = -2*o - 69 - 67. Let n(l) = -l**2 - 11*l. Calculate n(o).
0
Let a = 82 + -58. Let s = a - 24. Suppose -4*h = -3*y - 32, s*h + h - 8 = 5*y. Let z(v) = v**2 - 8*v - 3. Calculate z(h).
-3
Let z(w) = -9*w**2 + 54 - 50 - 19*w**2 + 30*w**2 - w**3. Calculate z(-3).
49
Let i(r) be the first derivative of -r**4/24 - 47*r**2/2 + r + 134. Let x(b) be the second derivative of i(b). Determine x(-7).
7
Suppose 0 = -4*t + j + 2294, 127 = -4*t - 3*j + 2429. Let c(v) = 1 + t*v - 15 - 575*v. Determine c(-8).
-6
Let o be 2 + 1/(-2) + 350/(-140). Let d(z) = -2*z + z - 1 + 7*z. Let q(u) = -u + 1. Let f(w) = o*d(w) - 3*q(w). Calculate f(-5).
13
Let u(f) = -2*f**3 + 7*f**2 - 4*f - 4. Suppose 0 = -48*c + 121*c - 292. Determine u(c).
-36
Let g(s) = s**2 + s - 9. Suppose 5*u = 7*u + 5*k - 37, -4*k = 3*u - 45. Let a = -8 + 3. Let c be (-1)/a + u/(-55). Determine g(c).
-9
Let q(n) = 7*n**3 + 20*n**2 - 15*n**2 - 25*n**2 - 5*n**3 - 13 + 44*n. Give q(7).
1
Let g(v) = 2 - 8*v**2 + 4*v**2 + 0 - v. Let s(k) = -5*k**2 - k + 3. Let a(z) = 4*g(z) - 3*s(z). Suppose 0 = -819*u + 807*u. Give a(u).
-1
Let x(c) be the second derivative of -c**4/12 + 13*c**3/6 - 9*c**2 + c. Let m be 352/(-704)*(-48)/2. Determine x(m).
-6
Let o(u) = 4*u**2 - 2*u - 2. Let p(y) = -5*y**2 + 2*y + 3. Let s(m) = 6*o(m) + 5*p(m). Let i be (4/30)/(718/(-16155)). Give s(i).
0
Suppose -483 = -3*w - 2*r - 1588, 3*r + 15 = 0. Let t = -367 - w. Let d(l) = -17*l - 2. What is d(t)?
32
Let b(z) be the first derivative of -z**5/60 - z**4/3 - 3*z**3/2 - 5*z**2/2 - 7*z - 6. Let n(h) be the second derivative of b(h). Determine n(-6).
3
Let h(w) = 3*w**2 - 13*w + 45*w - 12698 + 25334 - 12677. Calculate h(-12).
7
Let o(b) = -b**2 - 9*b + 4. Let l(g) be the second derivative of g**4/6 + 32*g**3/3 + 26*g**2 + 96*g. Let i be l(-31). What is o(i)?
-6
Suppose -24*j + 12 = -3 - 33. Let u(k) = -7*k - 2*k**2 + 6*k**2 + 2 - 3 + 8*k. Determine u(j).
17
Let w(t) = -t**3 + 5*t**2 - t + 1. Let f be (-6)/4 - (-78)/12. Suppose 4*c = -4*a + 4, 0 = 2*a - f*a + 3*c + 15. Suppose l - 2*l + a = 0. What is w(l)?
16
Suppose -3*l - f = -5*l + 15, 5*l = -2*f + 60. Let b(o) be the third derivative of -o**5/60 + 13*o**4/24 - 7*o**3/6 - 81*o**2 + 1. Calculate b(l).
23
Let m(a) be the first derivative of -7 - 1/2*a**2 + 1/4*a**4 - 8*a + 8/3*a**3. Calculate m(-8).
0
Let j(m) be the first derivative of 5*m**2/2 - 57*m + 1548. Determine j(7).
-22
Let o(l) = l + 3. Suppose -4*k + 1 + 23 = 0. Suppose -163 - 42 = -63*m + 110. Let r be k/30 + (-21)/m. Calculate o(r).
-1
Let u = -2415 - -2419. Suppose 0 = -z + 16 + 4. Suppose 0 = -4*m - 5*x - 8 + 5, -z = -u*x. Let w(v) = v**3 + 8*v**2 + 8*v - 2. Determine w(m).
-9
Let q(j) be the third derivative of 5*j**4/8 + 2*j**3/3 + 30*j**2 - 603*j + 1. Suppose 0 = -2*i - a - 3, 3*i - 2*a = -a - 12. Determine q(i).
-41
Let k(c) = -c**3 + 8*c**2 - 5*c. Let y be (-12)/(-14) - 6/7. Suppose 4*v = -2*v + 4*v. Suppose v = -3*u - 12, 2*u = i - y*u - 15. Calculate k(i).
14
Let v(o) be the second derivative of -o**5/20 + 31*o**4/12 + 65*o**3/6 + 14*o**2 + 1502*o. What is v(33)?
-5
Let g(s) = s**3 + 13*s**2 + 13*s - 2. Suppose 470*w = 352*w - 1416. Determine g(w).
-14
Suppose -5*t - 9 - 21 = 0. Let a be (-6*1/t)/((-2)/(-12)). Let r(s) = a*s**2 - 5*s**2 + 1 - 4*s**2 + 4*s**2. Give r(-2).
5
Let y(r) = 10*r - 108. Let t be y(12). Let j be t + -1 - 1 - (-61 - -64). Let n(o) = -2*o + 9. What is n(j)?
-5
Let s(o) = -o**2 + 9*o - 7. Suppose 3*r + 8 - 107 = 0. Let g(p) = -17*p - 99. Let n be g(-6). Suppose n = -5*a + r. What is s(a)?
11
Let v(y) = 3*y**2 - 3*y - 3. Let x(f) = 2*f**2 - 2*f. Let a(s) = s**2 - s + 1. Let o(h) = 4*a(h) - 4*x(h). Let n(d) = -2*o(d) - 3*v(d). Calculate n(3).
-5
Let r = -8371 + 8358. Let c(l) = -l**2 - 14*l - 7. Give c(r).
6
Let t(n) = -7*n**3 - 4 - 8*n + 2 + 8*n**3 + 3 - 4*n**2 + 5. Let v be 2/((-8)/(-12)) - 18. Let m = v - -20. Determine t(m).
-9
Let x(f) = 7 - 16*f**2 + 5*f**2 + 10*f**2. Suppose 1 = 4*h + 5. Let t be (-6)/(-18)*0/h. Calculate x(t).
7
Let q(h) = h**2 + 13*h + 27. Suppose -34*i - 36 = 4*r - 38*i, -2*r - 4*i = 30. Give q(r).
5
Let g(a) be the first derivative of -9*a**2/2 - 5*a - 2516. Determine g(-1).
4
Let i(v) = -2*v**3 - 12*v**2 + 13*v - 13. Let j(q) = -q**2 + 26*q + 113. Let h be j(-4). Determine i(h).
-6
Let q = 3 + -4. Let u = q + 2. Let p(m) = 96 - 11*m + 93 + 76 - 266. Give p(u).
-12
Let o(f) be the second derivative of -f**6/360 + f**5/15 - 11*f**4/24 + 89*f**3/6 - 75*f. Let z(y) be the second derivative of o(y). Determine z(8).
-11
Let q(x) = -x**3 - 5*x**2 + 3. Let y be q(-5). Let d(c) = -6 - 10*c + 6*c - y*c + 6*c. Determine d(8).
-14
Let o(x) be the second derivative of x**5/20 - x**4/4 - x**3/3 + 3*x**2/2 + 3*x + 17. Let d = -488 - -491. Give o(d).
-3
Let l(a) = 3*a**2 - a + 7. Let i be ((-1705)/682)/(2/(-4)). What is l(i)?
77
Let f(t) = 13*t + 55*t**3 + 59*t**3 - 115*t**3 - 13*t + 23*t + 38 - 15*t**2. Determine f(-16).
-74
Suppose -26*g = -30*g + i + 2, -g - 3*i + 20 = 0. Let p(y) be the second derivative of 1/20*y**5 - 2*y + 0 - 1/3*y**4 - 3/2*y**2 + 2/3*y**3. Calculate p(g).
-3
Suppose 5 - 13 = -2*k. Let s(o) = -2 + o**3 - 3 + 6 + 4 - 5*o**2. Determine s(k).
-11
Let u(t) = -t**2 + 9*t - 220. Let d